182 is divided by 28304?
6
What is the remainder when 7585636 is divided by 5047?
5042
Calculate the remainder when 25148950 is divided by 12.
10
Calculate the remainder when 797248 is divided by 51.
16
Calculate the remainder when 23367472 is divided by 11683730.
12
What is the remainder when 2838233 is divided by 304?
89
Calculate the remainder when 90498021 is divided by 271.
10
Calculate the remainder when 11591296 is divided by 130239.
25
What is the remainder when 4339708 is divided by 30?
28
What is the remainder when 25238 is divided by 226?
152
Calculate the remainder when 296684 is divided by 547.
210
Calculate the remainder when 364926 is divided by 1011.
966
What is the remainder when 645810 is divided by 470?
30
What is the remainder when 218563 is divided by 21829?
273
What is the remainder when 23552780 is divided by 123?
2
What is the remainder when 509490 is divided by 508558?
932
Calculate the remainder when 686753 is divided by 52824.
41
What is the remainder when 24069 is divided by 10956?
2157
What is the remainder when 311033 is divided by 963?
947
Calculate the remainder when 969584 is divided by 1343.
1281
What is the remainder when 3981912 is divided by 165?
132
Calculate the remainder when 5386792 is divided by 69061.
34
Calculate the remainder when 14309879 is divided by 14309862.
17
What is the remainder when 5002162 is divided by 47?
46
Calculate the remainder when 11502354 is divided by 462.
402
What is the remainder when 211912744 is divided by 102?
94
What is the remainder when 2084016 is divided by 110?
66
Calculate the remainder when 1185361 is divided by 11178.
493
Calculate the remainder when 22717944 is divided by 783.
765
Calculate the remainder when 112937 is divided by 55729.
1479
What is the remainder when 3176869 is divided by 823?
89
What is the remainder when 25058065 is divided by 177?
175
Calculate the remainder when 788510 is divided by 1996.
90
What is the remainder when 3609980 is divided by 1535?
1195
What is the remainder when 54692000 is divided by 1677?
1676
Calculate the remainder when 730813 is divided by 81200.
13
What is the remainder when 39427005 is divided by 96?
93
Calculate the remainder when 142625 is divided by 787.
178
Calculate the remainder when 166074299 is divided by 450.
449
What is the remainder when 139354289 is divided by 1213?
1210
What is the remainder when 26477509 is divided by 4490?
4469
Calculate the remainder when 26666 is divided by 25174.
1492
What is the remainder when 15789640 is divided by 986852?
8
What is the remainder when 2579910 is divided by 429984?
6
Calculate the remainder when 1444322 is divided by 2040.
2
What is the remainder when 24488375 is divided by 46?
45
Calculate the remainder when 354361 is divided by 41.
39
Calculate the remainder when 366411 is divided by 122103.
102
What is the remainder when 164836554 is divided by 8315?
8309
Calculate the remainder when 4091 is divided by 162.
41
What is the remainder when 672730 is divided by 38?
16
Calculate the remainder when 24020 is divided by 2590.
710
What is the remainder when 99810 is divided by 2228?
1778
What is the remainder when 3200200 is divided by 457171?
3
What is the remainder when 92862873 is divided by 175?
173
What is the remainder when 451894612 is divided by 79?
76
What is the remainder when 66466362 is divided by 150?
12
Calculate the remainder when 59750 is divided by 11702.
1240
What is the remainder when 240270173 is divided by 47?
16
What is the remainder when 1969994 is divided by 322?
320
Calculate the remainder when 253455 is divided by 126446.
563
What is the remainder when 35279555 is divided by 1506?
1505
What is the remainder when 8297070 is divided by 2976?
2958
What is the remainder when 34599 is divided by 16676?
1247
Calculate the remainder when 383175 is divided by 383150.
25
What is the remainder when 1754187 is divided by 14741?
8
What is the remainder when 162773 is divided by 40658?
141
What is the remainder when 6373042 is divided by 20492?
30
Calculate the remainder when 4080454 is divided by 9.
7
Calculate the remainder when 2115033 is divided by 951.
9
Calculate the remainder when 348794 is divided by 375.
44
What is the remainder when 618363 is divided by 2342?
75
Calculate the remainder when 641177325 is divided by 813.
810
Calculate the remainder when 7275279 is divided by 11.
0
What is the remainder when 92705 is divided by 6157?
350
What is the remainder when 10401591 is divided by 1246?
1229
What is the remainder when 3489103 is divided by 9133?
297
What is the remainder when 1716308 is divided by 74618?
94
What is the remainder when 5819 is divided by 1365?
359
Calculate the remainder when 5164643 is divided by 41317.
18
Calculate the remainder when 2299976 is divided by 369.
368
What is the remainder when 2908226 is divided by 3604?
3402
What is the remainder when 6061211 is divided by 65?
26
Calculate the remainder when 12271324 is divided by 231533.
75
Calculate the remainder when 17735075 is divided by 115.
5
What is the remainder when 3090 is divided by 2964?
126
Calculate the remainder when 3736945 is divided by 350.
345
Calculate the remainder when 2095302 is divided by 13093.
422
What is the remainder when 985469 is divided by 157?
137
What is the remainder when 83741 is divided by 9303?
14
What is the remainder when 14795 is divided by 2673?
1430
Calculate the remainder when 26893504 is divided by 491.
452
What is the remainder when 286562 is divided by 435?
332
What is the remainder when 16134 is divided by 14834?
1300
Calculate the remainder when 94996404 is divided by 7307413.
35
What is the remainder when 17381 is divided by 591?
242
Calculate the remainder when 119745 is divided by 507.
93
Calculate the remainder when 41996432 is divided by 1105169.
10
Calculate the remainder when 166848966 is divided by 1281.
1278
Calculate the remainder when 6039601 is divided by 16235.
181
What is the remainder when 14195117 is divided by 1577152?
749
What is the remainder when 538353 is divided by 39?
36
What is the remainder when 23254845 is divided by 1128?
1125
Calculate the remainder when 10547739 is divided by 140.
139
Calculate the remainder when 33258 is divided by 16540.
178
What is the remainder when 874671 is divided by 185?
176
What is the remainder when 5557543 is divided by 728?
719
What is the remainder when 89481656 is divided by 12?
8
What is the remainder when 173687 is divided by 805?
612
What is the remainder when 117837577 is divided by 66?
55
Calculate the remainder when 200981 is divided by 22179.
1370
Calculate the remainder when 6114099 is divided by 17.
15
Calculate the remainder when 182180 is divided by 2200.
1780
Calculate the remainder when 2124230 is divided by 29.
9
What is the remainder when 58115715 is divided by 1671?
6
What is the remainder when 2478033 is divided by 1606?
1581
What is the remainder when 738075 is divided by 634?
99
What is the remainder when 152012166 is divided by 616?
614
Calculate the remainder when 107143 is divided by 53314.
515
Calculate the remainder when 600285 is divided by 1468.
1341
Calculate the remainder when 20355 is divided by 408.
363
What is the remainder when 46303481 is divided by 221?
3
Calculate the remainder when 70225 is divided by 1110.
295
Calculate the remainder when 3231216 is divided by 53.
18
Calculate the remainder when 224856 is divided by 1185.
891
What is the remainder when 16720236 is divided by 16719992?
244
What is the remainder when 47373 is divided by 14316?
4425
What is the remainder when 1205539 is divided by 63449?
8
What is the remainder when 4295575 is divided by 859035?
400
Calculate the remainder when 21411 is divided by 4244.
191
Calculate the remainder when 516283 is divided by 128924.
587
Calculate the remainder when 1919880 is divided by 6357.
66
Calculate the remainder when 42000903 is divided by 67.
10
Calculate the remainder when 282572739 is divided by 28.
15
What is the remainder when 167670 is divided by 16666?
1010
Calculate the remainder when 552799017 is divided by 15.
12
What is the remainder when 11105 is divided by 66?
17
Calculate the remainder when 7246753 is divided by 3623314.
125
Calculate the remainder when 44035 is divided b